 Let c(q) = -k*q - 1 + 3 + 58*q. Let a(f) = 2*f - 9. Let x be a(6). Determine c(x).
-10
Let o(t) = 134*t + 398. Let x(m) = -266*m - 805. Let c(w) = 15*o(w) + 8*x(w). Determine c(-4).
2
Let d(n) = -15*n - 174. Suppose 2*b - 58 = 5*z, -3*z + 6*z - 19*b = -17. Give d(z).
6
Let a(u) be the third derivative of u**4/24 + 11*u**3/6 - 1258*u**2. Calculate a(0).
11
Let s be -1*3*(2 - (-20)/(-15)). Let y be (0 - s)/(5 + (-15)/5). Let r be (-1078)/147 - 2/(-6*y). Let o(f) = -f**3 - 7*f**2 + f + 5. What is o(r)?
-2
Let w(f) = 160*f**2 + 13*f - 17 - 56*f**2 - 106*f**2. What is w(5)?
-2
Let z(j) = -5*j + 42. Let k be 14/4*(0 - (-7 + 3 + 2)). Give z(k).
7
Let j(o) = 19*o**2 + 10*o - 1204 - 1198 + 2*o**3 + 2405. Calculate j(-9).
-6
Let g be ((-4)/(-6) + 7/(-3))/(10/(-18)). Let z = -45 - -162. Let w(m) = -2 - 64*m + m**g + 4*m**2 + z*m - 54*m. What is w(-4)?
2
Let a(r) = 1152*r - 2640. Let x(l) = 109*l - 264. Let c(f) = 2*a(f) - 21*x(f). Give c(-18).
-6
Let s(w) = 4*w - 23. Let h(u) = 7*u - 44. Let i(f) = 3*h(f) - 5*s(f). Let m be i(7). Let t(a) be the first derivative of a**2/2 + 9*a + 29. What is t(m)?
-1
Let a(d) be the first derivative of -d**4/24 + 3*d**3/2 + d**2 + 29*d - 2. Let m(r) be the second derivative of a(r). Determine m(13).
-4
Suppose -2 + 0 = -12*o - 14. Let w(n) = 20*n**3 + 5*n**2 + n - 4. Give w(o).
-20
Suppose 0 = -10*t - 93 - 27. Let j be -1*9/(-12)*t/3. Let v(m) be the second derivative of m**4/12 - m**3/6 + m**2 + 6*m. Determine v(j).
14
Let n be 54/(-351) - (-84)/39. Let g(b) be the third derivative of 0*b + 0 - 7*b**n - 4/3*b**3 - 1/24*b**4. Determine g(-6).
-2
Suppose -79*t + 8 = -78*t. Let s be t/(-2)*-1*(-4)/(-4). Let y(d) = d**2 - d**2 - 7*d - d**3 + s + 6*d**2. Calculate y(4).
8
Let x(j) = -j**2 - 9*j - 6. Suppose 5*g = 11*g - 72. Suppose 0 = -c - 3, -5*n + c = 5 - 3. Let u be n + g*(-4)/8. Give x(u).
8
Let v(h) = -h**2 + h + 1. Suppose -l = -5*q + 3*q - 2, 4*l - 2*q - 32 = 0. Let j = l + -8. What is v(j)?
-1
Let j(v) = -15*v - 32*v + 50 - 8 - 38*v + 62*v. Determine j(2).
-4
Let n(v) be the third derivative of v**4/8 - 4*v**3 + 23*v**2. What is n(6)?
-6
Suppose -4*m + 7*m - 313 = -2*o, 2*o + 222 = 2*m. Suppose -y + m - 14 = 0. Let u(p) = 87 + p - p - y + 2*p. Give u(6).
6
Let s(k) = 0*k - 1 - 17*k**2 + 18*k**2 - 5*k. Suppose 9 = 3*p - 6. Give s(p).
-1
Let v(g) = 14 - 64*g + 85*g - g**3 + 15 - 11*g**2 - 60 + 13. Calculate v(-13).
47
Suppose 17*v - 94 + 9 = 0. Let m(l) = l**3 - 6*l**2 + 6*l - 12. What is m(v)?
-7
Let o = -2273 + 2268. Let k(s) = -s**2 - 7*s - 7. Calculate k(o).
3
Suppose s = -0*s - 5. Let p = 143 + -142. Let v(m) = m**3 - 10*m**2 + 13*m**2 - 6*m - p + 0 + 5. Give v(s).
-16
Let x(r) = 6067 + 703*r - 700*r - 6162. What is x(32)?
1
Suppose 90 = 5*y + m + m, 5*y = -m + 95. Let r be 82/369 + 3/((-27)/y). Let d(x) = -x**2 + x + 2. Calculate d(r).
-4
Let l be (225/(-10)*(10/3)/5)/(-3). Let q(p) be the second derivative of p**3/6 - 3*p**2/2 + 2*p. Give q(l).
2
Let a be (-1)/((-2)/(-10)) + (11 - -1). Let g(l) = -338*l + l**2 - 2*l**2 + 347*l - 9. Give g(a).
5
Let n(f) be the third derivative of -f**8/20160 + f**7/2520 + f**6/360 - f**5/6 - f**4/12 + 10*f**2 - 2. Let b(a) be the third derivative of n(a). Give b(4).
-6
Suppose -293*x = -145*x - 145*x + 27. Let t(n) = 10*n + 101. Calculate t(x).
11
Let l be (4 + 6 + -14)*13/(-4). Suppose -l*g - 20 = -9*g. Let v = g + 8. Let q(b) = b**2 + 4. Determine q(v).
13
Suppose 4*s + 38 = -o, -3*o + 3*s - 44 = -50. Let h(q) = q**3 + 9*q**2 + 13*q - 30. Determine h(o).
0
Let d(i) be the third derivative of -13*i**4/24 - 2*i**3/3 - 14*i**2 + 2*i. What is d(5)?
-69
Let g(j) = -j**2 - 3*j + 8. Let l be 921/3 + ((-35)/5 - -4). Let n = l - 309. What is g(n)?
-2
Let o(a) be the third derivative of -3*a**4/2 - 241*a**3/6 - 8*a**2 + 4*a. Give o(-7).
11
Let d(o) = -3*o**2 - 3*o. Suppose 5*l - 4*r + 39 = 0, 3*l = 3*r - 9 - 18. What is d(l)?
-18
Let l be 28/(-98) + 0 + 150/(-14). Let m(b) = b + 5 + 3*b + 0*b + 4. Calculate m(l).
-35
Let y(x) = 7*x + 35. Let n = -4680 - -4672. Calculate y(n).
-21
Let w(q) = -q**3 + 5*q**2 - q + 2. Let a(i) = -4*i**3 + 3*i**2 - 4*i - 5. Let c(s) = a(s) - 3*w(s). What is c(-12)?
1
Let q(t) = -t**2 + 7*t - 7. Suppose -5*m = -8*m + 138. Let s = m + -46. Suppose 3*c - x - 12 = -4*x, -c - 3*x + 2 = s. Determine q(c).
3
Let w(g) be the second derivative of 8*g**4/3 - g**3/2 - 88*g. Calculate w(-1).
35
Let p(l) = 11*l - 2. Let f(d) = 12*d - 1. Let i(t) = -6*f(t) + 7*p(t). Suppose -4814680*c = -4814642*c + 304. Determine i(c).
-48
Let i(t) = 3. Let n(m) = m - 7. Let r(a) = -5*i(a) - 2*n(a). Let s = -33148 + 33151. Determine r(s).
-7
Let b(w) = w - 7. Suppose -840 = -25*k + 160. Let p(o) = o**3 - o**2 - o. Let i be p(-3). Let x = i + k. Calculate b(x).
0
Suppose -5*f - 107 = 3*t - 102, -4*f - 2*t - 4 = 0. Let b(m) = -m**2 + 2*m + 1. Determine b(f).
-2
Suppose 0 = 6*s - 250 + 232. Let x(q) = 2*q**s + 3*q**2 + 5 + 2*q**2 - 1 - q + 5*q. Determine x(-3).
-17
Let k be (-24108)/112 + (-3)/4. Let v = 220 + k. Let b(m) = 5*m - 8. Determine b(v).
12
Let f(j) be the second derivative of 141*j + 1/4*j**4 - 1/2*j**2 - 1/6*j**3 + 0. Calculate f(-3).
29
Suppose -5*w + t = 2, 5*w - 9*t + 14*t - 10 = 0. Let b(i) = i**2 - 2*i - 12. Give b(w).
-12
Let n(x) = 1 - 784*x + 1 - 779*x - 783*x + 2345*x. Give n(0).
2
Let a be 2 + -9 + -24 + 32. Let f(o) = 98*o - 5. What is f(a)?
93
Suppose -41*w = -40*w - 33. Let f = -39 + w. Let s(c) = 4*c + 2. Let u(o) = -o**2 - o. Let m(i) = -s(i) + u(i). Calculate m(f).
-8
Suppose -56*h = -212 + 100. Let v(o) be the third derivative of -1/6*o**4 + 5/6*o**3 + 0 + 1/120*o**6 + 1/15*o**5 - 10*o**h + 0*o. Calculate v(-5).
0
Let z be 4 + (-6)/6 + (-3)/3. Let v(b) = 63 - 21 - 15 + z*b - 24. What is v(6)?
15
Let x(i) = 7*i**3 + 2*i**2 - 1. Let v(o) = 2*o**2 + o - 2. Let s be v(-2). Suppose -16 = t - 5*z, s*t = -z + 21 - 1. Suppose 13*g = t - 17. Calculate x(g).
-6
Let y(m) = m**3 + 7*m**2 + 8*m + 17. Let n be y(-6). Suppose -3*x = -n*x + 4. Let a(f) = f**3 - 2*f + 3. Determine a(x).
7
Let a be 21/3*(-312)/(-273). Let f be 44/462 + a/(-84). Let v(n) = 5*n - 12. Let x(i) = 4*i - 11. Let u(o) = -3*v(o) + 4*x(o). Determine u(f).
-8
Let y = -81 - -73. Let w be 1 - (254/(-5) + y/40). Let f = w + -52. Let u(v) = v**2 + v - 5. What is u(f)?
-5
Let b(a) be the second derivative of -a**5/20 + 11*a**4/12 + 7*a**3/3 - 8*a**2 + 131*a + 3. Let t(i) = -i**3 + 2*i**2 + 2*i + 12. Let j be t(0). Give b(j).
8
Suppose 259*y = -67 - 88 - 104. Let d(x) = -84*x - 3. Determine d(y).
81
Let z = -16 + 13. Let k(n) = 107*n - 4. Let w(l) = -64*l + 2. Let d(u) = -3*k(u) - 5*w(u). Give d(z).
5
Let h(i) be the first derivative of i**3/3 + 5*i**2/2 + 72. Let g(s) = s**3 + 2*s**2 - 5. Let m = -25 - -25. Let c be g(m). Determine h(c).
0
Suppose 3*v + 2*n = 0, v + 2*n = n. Suppose v = -4*t + 3*x + 28, 0 = 2*t - 2*x + x - 12. Let a be t - 10*(-3)/(-6). Let c(s) = 10*s + 1. What is c(a)?
-9
Suppose -636*x = -633*x - 78. Let a = x - 28. Let k(r) = 6*r - 2. What is k(a)?
-14
Let h(f) = -28*f + 1931. Let t be h(69). Let p(w) = -40*w**2 - 3*w - 2. What is p(t)?
-39
Let u be (16/(-10))/(-4 + 72/20). Let x be -43 + 1 - (u - 2 - 4). Let b be 12/5 + (-24)/x. Let h(i) = -i**2 - 2*i + 1. What is h(b)?
-14
Let q(u) = u**3 + 25*u**2 + 8. Let d be q(-25). Let r(s) = -d*s - 3*s + 3 - 12*s**2 + 0 + 11*s**2. Determine r(-10).
13
Let p(k) = -3*k**3 - 4*k**2 + 1. Suppose 25*c = 18*c - 3556. Let a = 506 + c. Calculate p(a).
9
Let c(d) be the first derivative of -d**4/4 - 11*d**3/3 - d**2/2 - 6*d - 4. Let s = 14996 - 15007. Determine c(s).
5
Suppose -27*p - 2342 = -2450. Let j(s) be the second derivative of 0 - 6*s + 1/2*s**2 + 1/6*s**p + 3/2*s**3. What is j(-6)?
19
Let y(q) = -q**3 - 62*q**2 - 182*q - 298. Let z be y(-59). Let l(g) = g**3 + g**2 - g. What is l(z)?
-15
Let r(q) = 7*q - 4. Let h be (-3 - -1) + -1 + 2. Let k(a) = -1 - 853*a + 1653*a - 801*a. Let j(s) = h*r(s) - 6*k(s). Determine j(10).
0
Let r(i) = 35*i - 189. Let b = -669 + 674. Let s be r(b). Let j(d) = 2*d + 20. What is j(s)?
-8
Let d(g) be the third derivative of 5/6*g**3 + 1/12*g**4 + 0*g + 237*g**2 - 1/120*g**6 + 0 - 7/60*g**5. Give d(-7).
-9
Let a be 4/(-5)*5*(-12)/8. Suppose -3*q - i - 2 = -2*q, -2*q - a = 4*i. Let n(z) = -4*z. Give n(q).
4
Let f(h) 